r?
False
Is 32084249 a prime number?
True
Is 20122447 a prime number?
False
Is 8624401 a prime number?
False
Is 1051142 composite?
True
Is 4656529 a composite number?
False
Is 21329303 a prime number?
False
Is 4302401 a composite number?
True
Is 86369863 composite?
False
Is 1070639 a prime number?
False
Is 170757611 prime?
True
Is 7731299 composite?
False
Is 1712197 composite?
False
Is 38351 a composite number?
False
Is 270615397 a prime number?
False
Is 409271623 a prime number?
True
Is 61015901 a composite number?
True
Is 4304843 a prime number?
False
Is 10583063 composite?
True
Is 62844659 composite?
False
Is 11768143 prime?
True
Is 13934317 composite?
True
Is 134247335 prime?
False
Is 675923 a composite number?
False
Is 55013123 composite?
True
Is 33917083 prime?
True
Is 74219329 prime?
True
Is 72214309 prime?
False
Is 3339821 a composite number?
True
Is 894307 prime?
False
Is 3164659 prime?
False
Is 10353922 a prime number?
False
Is 21015619 a composite number?
False
Is 168793165 prime?
False
Is 153724297 composite?
False
Is 115033241 a prime number?
False
Is 21478 a prime number?
False
Is 27827297 composite?
False
Is 86671463 composite?
False
Is 254717 a composite number?
True
Is 1110301 a prime number?
True
Is 19253881 composite?
False
Is 43541657 a composite number?
False
Is 51977083 composite?
False
Is 189386 a composite number?
True
Is 7789559 prime?
True
Is 37518799 prime?
False
Is 39481787 a prime number?
True
Is 255287797 a prime number?
False
Is 9289897 composite?
False
Is 2850343 composite?
False
Is 4242547 prime?
True
Is 41176855 prime?
False
Is 2700499 prime?
False
Is 27137143 prime?
False
Is 213845107 a prime number?
False
Is 244071593 composite?
False
Is 23729897 a prime number?
False
Is 17020673 prime?
True
Is 36953913 a composite number?
True
Is 6541261 prime?
True
Is 344185423 a composite number?
False
Is 12241213 prime?
True
Is 1168099 a composite number?
True
Is 35153089 a prime number?
True
Is 2972299 a prime number?
False
Is 637129 composite?
False
Is 331141 composite?
False
Is 17864257 prime?
True
Is 111984541 prime?
True
Is 7897453 composite?
False
Is 12861743 a prime number?
True
Is 230002951 a prime number?
False
Is 3632259 composite?
True
Is 2988779 a composite number?
False
Is 1729279 composite?
False
Is 2007791 a composite number?
False
Is 2511757 a composite number?
True
Is 5360243 prime?
False
Is 3898621 composite?
True
Is 509087 prime?
True
Is 72084979 composite?
False
Is 23500571 a prime number?
False
Is 1586371 a composite number?
False
Is 784649 prime?
True
Is 1115189 prime?
True
Is 271718119 a prime number?
True
Is 35257049 a prime number?
False
Is 170218163 a prime number?
False
Is 1138463 a composite number?
True
Is 1026593 composite?
False
Is 180581251 a prime number?
True
Is 305916863 a composite number?
True
Is 4869617 prime?
True
Is 259679 a composite number?
True
Is 20905499 prime?
True
Is 76840945 a composite number?
True
Is 46035089 a prime number?
True
Is 805461 a prime number?
False
Is 44701973 a prime number?
True
Is 12718803 composite?
True
Is 3108577 a composite number?
False
Is 29910499 a composite number?
True
Is 470239183 a prime number?
False
Is 49643 a composite number?
True
Is 5448785 prime?
False
Is 20564941 composite?
False
Is 22214317 composite?
False
Is 208691529 prime?
False
Is 29741407 a composite number?
True
Is 22865019 a composite number?
True
Is 629266199 a composite number?
False
Is 978569 a composite number?
False
Is 983063 prime?
True
Is 3727823 composite?
True
Is 181739659 a composite number?
False
Is 85652419 a prime number?
False
Is 3760487 a prime number?
True
Is 977617 a composite number?
True
Is 57818042 composite?
True
Is 13833211 a composite number?
True
Is 2107298267 a composite number?
False
Is 41521789 a prime number?
False
Is 1017655 a composite number?
True
Is 1000069 a composite number?
True
Is 59530027 a prime number?
True
Is 25150621 a composite number?
False
Is 3387271 a prime number?
True
Is 190035803 a prime number?
True
Is 3641891 prime?
False
Is 228865489 prime?
True
Is 12045193 a prime number?
False
Is 4843381 composite?
False
Is 3005671 a prime number?
True
Is 110106727 prime?
False
Is 438007001 a prime number?
True
Is 2582543 composite?
False
Is 11569891 a prime number?
True
Is 5838887 a prime number?
True
Is 2794163 a composite number?
False
Is 310388293 composite?
False
Is 2243161 composite?
False
Is 84454727 a composite number?
True
Is 1790917 prime?
True
Is 20126879 composite?
False
Is 48987259 a prime number?
True
Is 63514909 composite?
False
Is 104545211 a composite number?
False
Is 73109021 composite?
True
Is 478026845 a composite number?
True
Is 1662033 composite?
True
Is 3436543 prime?
False
Is 362381143 a composite number?
True
Is 85732778 a composite number?
True
Is 4588913 prime?
False
Is 7093459 a prime number?
True
Is 483883 composite?
False
Is 43294819 a prime number?
False
Is 1235303 composite?
False
Is 36336359 composite?
True
Is 3846191 composite?
False
Is 68443271 prime?
False
Is 1557451 composite?
True
Is 13203761 a prime number?
True
Is 21981682 composite?
True
Is 280110149 prime?
False
Is 34708859 a prime number?
True
Is 2102102 a composite number?
True
Is 121120567 composite?
True
Is 3660871 a composite number?
False
Is 490123 a prime number?
False
Is 2845757 a prime number?
False
Is 299987 prime?
False
Is 379571 a prime number?
True
Is 24953 composite?
False
Is 361222799 a prime number?
False
Is 21876413 a composite number?
True
Is 14696681 composite?
False
Is 67031287 composite?
True
Is 5036371 a prime number?
True
Is 193625851 a prime number?
False
Is 3010429 prime?
False
Is 54594989 composite?
False
Is 136551203 prime?
True
Is 8255201 a composite number?
True
Is 10145323 composite?
True
Is 3795257 a composite number?
True
Is 1101859 composite?
True
Is 103470286 a prime number?
False
Is 6454297 composite?
False
Is 1091158 a prime number?
False
Is 26532997 prime?
True
Is 44123665 a prime number?
False
Is 52799473 composite?
True
Is 33373409 a composite number?
True
Is 10348361 a composite number?
False
Is 163958551 a prime number?
True
Is 5847397 a composite number?
False
Is 2652227 a composite number?
True
Is 7432471 a composite number?
False
Is 75277991 prime?
False
Is 4448863 a composite number?
False
Is 2441227 composite?
True
Is 67714039 prime?
False
Is 14110987 composite?
True
Is 155064071 a composite number?
True
Is 3423811 composite?
False
Is 34919431 a prime number?
True
Is 9473977 a prime number?
True
Is 10681961 prime?
True
Is 4921834 prime?
False
Is 3363389 prime?
True
Is 798911 a composite number?
False
Is 83014699 prime?
True
Is 1258673 a prime number?
False
Is 18828679 composite?
False
Is 18500173 a prime number?
False
Is 86543201 composite?
True
Is 3083287 a prime number?
False
Is 2591741 a prime number?
False
Is 42067891 composite?
True
Is 150961393 prime?
False
Is 51241121 a composite number?
False
Is 2400271 prime?
True
Is 268620829 prime?
True
Is 42200813 a composite number?
False
Is 79489931 prime?
True
Is 172597 prime?
True
Is 3427631 composite?
True
Is 18116783 composite?
True
Is 171183893 a composite number?
False
Is 1064377 a composite number?
False
Is 334172833 prime?
False
Is 9801187 composite?
True
Is 35105327 a prime number?
False
Is 13628707 composite?
False
Is 1984967 prime?
False
Is 629371 a composite number?
False
Is 9295823 a prime number?
True
Is 560722289 prime?
True
Is 6334907 a prime number?
True
Is 6060553 a composite number?
True
Is 196373953 composite?
True
Is 828517 a prime number?
True
Is 3596837 a prime number?
False
Is 239396921 composite?
False
Is 16736737 prime?
True
Is 37354435 a composite number?
True
Is 274011659 a prime number?
True
Is 21692849 prime?
True
Is 23353201 a prime number?
True
Is 345119 composite?
True
Is 1549789 a prime number?
False
Is 28958573 composite?
True
Is 225979307 a composite number?
False
Is 630823 a prime number?
True
Is 354727 a prime number?
True
Is 9231631 a prime number?
True
Is 85128269 prime?
True
Is 816157 a composite number?
False
Is 6022754 a composite number?
True
Is 38955193 composite?
False
Is 76830133 prime?
True
Is 17910703 a composite number?
False
Is 220865626 a composite number?
True
Is 4316909 a composite number?
True
Is 16003